ide 655846?
False
Is 2640950 a multiple of 26?
True
Is 4 a factor of 72785?
False
Does 37 divide 42171?
False
Does 7 divide 2808882?
False
Does 48 divide 71136?
True
Is 670 a factor of 2346045?
False
Is 182142 a multiple of 18?
True
Is 77351 a multiple of 6?
False
Is 38376 a multiple of 2?
True
Is 935273 a multiple of 5?
False
Is 2779830 a multiple of 335?
True
Is 3063197 a multiple of 19?
False
Is 8158150 a multiple of 770?
True
Is 12 a factor of 641442?
False
Is 115 a factor of 931748?
False
Is 69 a factor of 534612?
True
Does 52 divide 1338272?
True
Is 119564 a multiple of 61?
False
Does 124 divide 233740?
True
Is 190 a factor of 390877?
False
Is 5 a factor of 88850?
True
Is 657515 a multiple of 219?
False
Is 8760208 a multiple of 165?
False
Is 47 a factor of 284587?
False
Is 1125646 a multiple of 6?
False
Is 18040 a multiple of 10?
True
Is 77827 a multiple of 35?
False
Is 20157 a multiple of 19?
False
Is 319 a factor of 533368?
True
Does 6 divide 540840?
True
Does 13 divide 2522?
True
Is 54428 a multiple of 22?
True
Is 109 a factor of 77063?
True
Is 307 a factor of 681170?
False
Does 15 divide 972960?
True
Does 39 divide 65143?
False
Is 19 a factor of 3557286?
False
Is 197 a factor of 2630344?
True
Is 1442175 a multiple of 41?
True
Is 26 a factor of 161358?
False
Is 27442 a multiple of 229?
False
Is 823496 a multiple of 79?
True
Does 132 divide 1490050?
False
Is 261 a factor of 350001?
True
Is 24 a factor of 34361?
False
Is 36 a factor of 196579?
False
Does 173 divide 3215724?
True
Is 3413736 a multiple of 136?
True
Is 3 a factor of 212963?
False
Is 400194 a multiple of 25?
False
Does 70 divide 2844030?
True
Is 32024 a multiple of 7?
False
Does 661 divide 1632009?
True
Is 207345 a multiple of 23?
True
Is 16 a factor of 2608238?
False
Does 305 divide 7468840?
True
Is 143244 a multiple of 23?
True
Is 50 a factor of 156650?
True
Is 2004529 a multiple of 337?
False
Is 125 a factor of 6564250?
True
Is 35876 a multiple of 14?
False
Is 265 a factor of 113420?
True
Does 50 divide 2152350?
True
Is 48840 a multiple of 296?
True
Is 78 a factor of 16557742?
False
Is 184 a factor of 338456?
False
Does 60 divide 418920?
True
Is 63785 a multiple of 5?
True
Does 12 divide 113004?
True
Is 8320477 a multiple of 29?
True
Is 7721380 a multiple of 305?
True
Is 150 a factor of 6672982?
False
Does 135 divide 912836?
False
Does 458 divide 599064?
True
Is 29 a factor of 307112?
False
Is 359 a factor of 68210?
True
Is 1169555 a multiple of 39?
False
Is 70 a factor of 751847?
False
Is 3108970 a multiple of 19?
True
Is 264906 a multiple of 254?
False
Is 118 a factor of 5460686?
True
Is 29 a factor of 36540?
True
Is 27 a factor of 5008973?
False
Is 11300142 a multiple of 21?
True
Is 238 a factor of 626553?
False
Does 103 divide 227758?
False
Is 41 a factor of 5737963?
False
Does 257 divide 455209?
False
Is 251 a factor of 253234?
False
Is 85304 a multiple of 42?
False
Is 1240712 a multiple of 253?
True
Is 386862 a multiple of 427?
True
Does 184 divide 1029441?
False
Is 70 a factor of 103110?
True
Is 6804623 a multiple of 48?
False
Does 69 divide 24341544?
True
Is 158224 a multiple of 124?
True
Is 29439295 a multiple of 106?
False
Is 11 a factor of 76967?
True
Is 495 a factor of 41580?
True
Does 12 divide 93240?
True
Is 23 a factor of 8500667?
False
Is 6 a factor of 68227?
False
Does 37 divide 1449364?
True
Does 10 divide 90547?
False
Is 55 a factor of 679756?
False
Does 131 divide 24366?
True
Does 4 divide 21468?
True
Is 81835 a multiple of 4?
False
Is 90 a factor of 13734630?
True
Is 174460 a multiple of 143?
True
Is 56 a factor of 42684?
False
Does 70 divide 1192660?
True
Is 101 a factor of 88031?
False
Is 31 a factor of 186519?
False
Does 31 divide 3720?
True
Is 13262 a multiple of 38?
True
Is 23 a factor of 257761?
True
Does 12 divide 355598?
False
Is 136 a factor of 9659808?
True
Is 178942 a multiple of 8?
False
Does 22 divide 1752746?
False
Does 99 divide 88209?
True
Does 390 divide 167805?
False
Does 106 divide 14266387?
False
Is 132 a factor of 943865?
False
Is 1070741 a multiple of 51?
False
Is 393 a factor of 9635181?
True
Is 5230896 a multiple of 16?
True
Is 8 a factor of 23075347?
False
Does 12 divide 1126608?
True
Is 15 a factor of 261395?
False
Does 26 divide 244258?
False
Is 52693 a multiple of 29?
True
Is 631584 a multiple of 688?
True
Is 4656006 a multiple of 18?
True
Does 29 divide 28811?
False
Is 393 a factor of 118627?
False
Is 6322382 a multiple of 979?
True
Does 230 divide 229540?
True
Is 5066544 a multiple of 21?
True
Is 770093 a multiple of 228?
False
Is 29 a factor of 781038?
False
Is 116 a factor of 61248?
True
Does 859 divide 205265?
False
Does 34 divide 477054?
True
Does 78 divide 416736?
False
Is 2839410 a multiple of 90?
True
Is 7 a factor of 161581?
True
Does 50 divide 203650?
True
Is 72 a factor of 515081?
False
Is 3 a factor of 12756?
True
Is 95341 a multiple of 41?
False
Is 2457895 a multiple of 1265?
True
Does 13 divide 1264120?
True
Is 44135 a multiple of 7?
True
Is 4338792 a multiple of 72?
True
Does 17 divide 2294344?
False
Is 48 a factor of 75984?
True
Is 198988 a multiple of 70?
False
Is 63 a factor of 85806?
True
Is 131563 a multiple of 109?
True
Is 6 a factor of 317835?
False
Is 241262 a multiple of 31?
False
Does 15 divide 559530?
True
Does 249 divide 2337363?
True
Is 12 a factor of 19563?
False
Is 8 a factor of 250676?
False
Is 94010 a multiple of 85?
True
Does 798 divide 5092038?
True
Is 1505796 a multiple of 6?
True
Is 123276 a multiple of 2?
True
Is 98043 a multiple of 443?
False
Does 258 divide 382356?
True
Is 5066938 a multiple of 878?
True
Is 83 a factor of 65113?
False
Does 16 divide 40592?
True
Does 29 divide 392022?
True
Is 154512 a multiple of 6?
True
Does 5 divide 114956?
False
Is 884 a factor of 213897?
False
Is 140030 a multiple of 67?
True
Does 13 divide 252878?
False
Is 96 a factor of 23832?
False
Is 4110922 a multiple of 74?
True
Does 96 divide 2893632?
True
Is 62 a factor of 18941124?
True
Is 1078980 a multiple of 735?
True
Is 21 a factor of 18652137?
True
Is 7 a factor of 65457?
True
Is 495546 a multiple of 63?
False
Is 33 a factor of 270831?
True
Does 179 divide 9002626?
True
Is 3160356 a multiple of 19?
False
Is 381 a factor of 638937?
True
Does 5 divide 1204995?
True
Is 10 a factor of 471738?
False
Is 70 a factor of 306670?
True
Does 81 divide 362313?
True
Does 9 divide 105760?
False
Is 668239 a multiple of 56?
False
Does 45 divide 2350395?
True
Is 382 a factor of 1912613?
False
Is 2973144 a multiple of 11?
False
Is 3525110 a multiple of 10?
True
Does 18 divide 41814?
True
Is 9 a factor of 15566?
False
Is 7472004 a multiple of 159?
False
Does 5 divide 113070?
True
Is 53 a factor of 160436?
False
Is 3183026 a multiple of 11?
True
Is 3888889 a multiple of 35?
False
Is 15090 a multiple of 8?
False
Is 242612 a multiple of 4?
True
Is 1946709 a multiple of 39?
False
Does 251 divide 407775?
False
Is 6 a factor of 6575930?
False
Is 123380 a multiple of 310?
True
Is 670 a factor of 3986118?
False
Does 168 divide 261408?
True
Does 32 divide 13278988?
False
Is 1255554 a multiple of 3?
True
Does 328 divide 1387957?
False
Is 388408 a multiple of 11?
False
Is 2232525 a multiple of 255?
True
Is 1151700 a multiple of 20?
True
Does 34 divide 2621812?
False
Is 95 a factor of 85467?
False
Is 2828132 a multiple of 97?
True
Is 3300641 a multiple of 56?
False
Is 114929 a multiple of 19?
False
Does 502 divide 4864316?
False
Does 43 divide 106835?
False
Does 22 divide 141438?
True
Does 298 divide 338609?
False
Is 5 a factor of 27310?
True
Does 108 divide 2810100?
False
Does 69 divide 4553103?
True
Is 552972 a multiple of 1589?
True
Is 632 a factor of 3239000?
True
Does 264 divide 827597?
False
Is 28 a factor of 13888?
True
Does 115 divide 2090355?
True
Is 532 a factor of 863436?
True
Is 48 a factor of 467664?
True
Is 30 a factor of 418200?
True
Does 20 divide 6062689?
False
Is 6 a factor of 16902?
True
Does 29 divide 829268?
False
Is 53405 a multiple of 4?
False
Is 121943 a multiple of 129?
False
Is 116 a factor of 91196?
False
Does 35 divide 378319?
False
Is 3327144 a multiple of 29?
False
Is 99 a factor of 297?
True
Is 43 a factor of 16185587?
True
Is 487 a factor of 2635157?
True
Does 13 divide 1180140?
True
Does 24 div